s 18 a factor of 411074730?
True
Is 174211335 a multiple of 59?
False
Does 89 divide 493236107?
False
Is 46087672 a multiple of 2?
True
Is 390324598 a multiple of 114?
False
Is 568655085 a multiple of 22?
False
Is 1127 a factor of 1716421?
True
Does 21 divide 296282?
False
Is 27 a factor of 41043186?
True
Is 1208 a factor of 17843368?
True
Is 1019055 a multiple of 15?
True
Is 40 a factor of 161291836?
False
Is 363749691 a multiple of 442?
False
Is 1822243296 a multiple of 4448?
True
Is 673 a factor of 524766290?
False
Is 600448704 a multiple of 71?
True
Is 14 a factor of 502110616?
True
Is 9 a factor of 812837539?
False
Is 3210 a factor of 261183555?
False
Is 175733737 a multiple of 338?
False
Does 502 divide 2371294388?
True
Does 5607 divide 529086003?
False
Is 25 a factor of 200532953?
False
Does 10 divide 108185252?
False
Is 98507920 a multiple of 28?
True
Is 1995968 a multiple of 32?
True
Is 8375208 a multiple of 12?
True
Does 35 divide 165451615?
True
Does 69 divide 1672394675?
False
Is 25755774 a multiple of 74?
True
Does 2471 divide 1709398916?
False
Is 58823872 a multiple of 16?
True
Is 2528880 a multiple of 4?
True
Is 40 a factor of 3573076?
False
Is 911 a factor of 980733323?
False
Does 212 divide 5209732?
False
Does 59 divide 74812590?
True
Is 24 a factor of 168510838?
False
Is 2039232 a multiple of 304?
True
Is 93 a factor of 284440500?
True
Is 66 a factor of 44084381?
False
Is 339 a factor of 38200554?
True
Is 13651355 a multiple of 157?
False
Is 24 a factor of 91931182?
False
Does 76 divide 159619247?
False
Does 104 divide 63544?
True
Is 17525942 a multiple of 7?
True
Is 11242848 a multiple of 544?
True
Is 48690600 a multiple of 24?
True
Does 186 divide 30589374?
True
Does 3 divide 150774018?
True
Does 5 divide 429683943?
False
Is 700 a factor of 7115104?
False
Does 90 divide 2293200?
True
Is 654 a factor of 212466199?
False
Is 26596586 a multiple of 654?
False
Is 62780615 a multiple of 1686?
False
Is 20021760 a multiple of 64?
True
Does 97 divide 35227684?
True
Is 96778080 a multiple of 20?
True
Is 328636880 a multiple of 2392?
True
Does 1296 divide 12639888?
True
Is 15 a factor of 92139765?
True
Does 119 divide 55257433?
False
Does 5562 divide 560424440?
False
Does 309 divide 121014372?
False
Is 60886065 a multiple of 13?
False
Is 6273693491 a multiple of 1313?
False
Does 5730 divide 3165825000?
True
Is 24 a factor of 12761980?
False
Is 588977990 a multiple of 6?
False
Is 25 a factor of 4117723?
False
Is 84 a factor of 143217648?
True
Is 10275978 a multiple of 2469?
True
Is 10984 a factor of 5209664267?
False
Does 26 divide 12113070?
False
Does 1340 divide 193195840?
True
Does 64 divide 43836928?
True
Does 4037 divide 1428249826?
False
Does 653 divide 172529596?
False
Does 11 divide 50841170?
False
Is 8 a factor of 944018944?
True
Is 7647362 a multiple of 10?
False
Does 1381 divide 925318109?
False
Is 1000929052 a multiple of 79?
True
Does 2063 divide 107692726?
True
Is 6 a factor of 72733177?
False
Is 51 a factor of 153403206?
True
Is 13480214 a multiple of 3?
False
Does 506 divide 2866369559?
False
Does 82 divide 3811856?
False
Does 244 divide 442880923?
False
Is 437 a factor of 981209743?
False
Is 9110668 a multiple of 196?
True
Does 19 divide 533705859?
False
Does 172 divide 30125972?
True
Does 208 divide 1114264038?
False
Is 20995525 a multiple of 25?
True
Is 11825 a factor of 1645289245?
False
Is 5 a factor of 6244841?
False
Does 612 divide 38973996?
True
Is 8850566 a multiple of 13?
False
Does 1183 divide 1568379?
False
Is 194 a factor of 20104414?
True
Is 15 a factor of 84702622?
False
Is 1043 a factor of 1682598862?
False
Does 9010 divide 1220503610?
True
Is 3264710274 a multiple of 14?
True
Is 42 a factor of 1242738?
True
Is 21098660 a multiple of 10?
True
Is 1259 a factor of 137886939?
True
Does 23 divide 666837615?
False
Is 519 a factor of 462486090?
True
Does 3797 divide 2621543725?
True
Is 43 a factor of 133491092?
True
Is 56957400 a multiple of 60?
True
Is 242554977 a multiple of 477?
True
Is 340 a factor of 712506380?
True
Does 147 divide 371703929?
False
Is 5285 a factor of 901087215?
True
Is 252710181 a multiple of 47?
False
Is 65 a factor of 9532470?
False
Is 864148728 a multiple of 1102?
True
Is 650 a factor of 958878045?
False
Does 25 divide 58052700?
True
Is 1876 a factor of 2981932016?
True
Is 39021408 a multiple of 74?
False
Is 37 a factor of 367646149?
False
Is 518247946 a multiple of 24?
False
Is 85 a factor of 1461602549?
False
Is 65115414 a multiple of 63?
True
Is 429 a factor of 149048757?
True
Is 1532311326 a multiple of 40?
False
Is 78 a factor of 40010794?
False
Does 2290 divide 78971233?
False
Is 14 a factor of 2138654?
True
Is 5 a factor of 186030950?
True
Does 3049 divide 3429652160?
False
Does 69 divide 411407321?
False
Is 1042757550 a multiple of 135?
True
Is 1702 a factor of 169000090?
True
Is 368377704 a multiple of 231?
False
Is 404 a factor of 1692356?
True
Is 1246415 a multiple of 12?
False
Is 26430753 a multiple of 5?
False
Does 90 divide 12967380?
True
Is 86 a factor of 65772542?
True
Is 4 a factor of 74229557?
False
Is 752470830 a multiple of 870?
True
Is 233 a factor of 306320560?
False
Does 707 divide 203616102?
False
Is 12934139 a multiple of 131?
False
Is 699411693 a multiple of 455?
False
Is 1744962054 a multiple of 277?
True
Is 2014545552 a multiple of 8?
True
Is 257677438 a multiple of 1383?
False
Does 6 divide 85104065?
False
Does 138 divide 340063602?
True
Is 7004470 a multiple of 3?
False
Is 986 a factor of 1173375205?
False
Is 4479996 a multiple of 292?
False
Is 95519276 a multiple of 1268?
False
Is 228 a factor of 412618134?
False
Does 5 divide 240582179?
False
Is 52 a factor of 67219758?
False
Does 819 divide 19269003?
False
Is 273355641 a multiple of 4563?
True
Is 6 a factor of 16260525?
False
Is 1015951144 a multiple of 5213?
True
Is 405 a factor of 457476255?
True
Is 323 a factor of 307632448?
False
Is 7773126 a multiple of 6?
True
Does 83 divide 5106243?
True
Is 144 a factor of 11873952?
True
Is 13 a factor of 14585037?
False
Is 36749217 a multiple of 3?
True
Does 32 divide 5475712608?
True
Does 7 divide 930988124?
False
Does 784 divide 42722512?
True
Does 4638 divide 170764973?
False
Is 5984484 a multiple of 33?
True
Does 9 divide 5666698?
False
Is 56259280 a multiple of 176?
True
Is 14 a factor of 3215545?
False
Is 1713380380 a multiple of 10691?
False
Does 1487 divide 477631588?
False
Is 2458 a factor of 162523132?
False
Is 371153423 even?
False
Is 139 a factor of 9342607?
True
Is 833952609 a multiple of 741?
False
Is 32796024 a multiple of 12?
True
Does 14 divide 707222907?
False
Is 9 a factor of 18414252?
True
Does 1443 divide 32322099?
False
Is 74 a factor of 161818796?
False
Is 19 a factor of 63511832?
True
Does 581 divide 273752675?
True
Is 717479435 a multiple of 1333?
False
Does 3029 divide 118919634?
False
Is 83202332 a multiple of 97?
True
Is 190 a factor of 231310750?
True
Is 887 a factor of 24538855?
True
Is 24 a factor of 682861520?
False
Is 887295384 a multiple of 12?
True
Is 16 a factor of 95950492?
False
Is 22294021 a multiple of 1427?
True
Does 83 divide 34833108?
True
Is 47525184 a multiple of 672?
True
Is 916828034 a multiple of 116?
False
Is 9 a factor of 5633721?
True
Is 224579848 a multiple of 10?
False
Does 1859 divide 242802635?
False
Is 15 a factor of 1655892750?
True
Is 1425943560 a multiple of 60?
True
Is 1462 a factor of 27719513?
False
Is 569178765 a multiple of 1731?
True
Is 1612 a factor of 1278511052?
True
Does 175 divide 49595244?
False
Is 5693769080 a multiple of 101?
False
Does 68 divide 3752217696?
True
Is 1205 a factor of 55146825?
True
Is 27 a factor of 161207003?
False
Is 22 a factor of 108720546?
True
Is 27 a factor of 13202703?
True
Is 856 a factor of 167058672?
True
Is 27 a factor of 100190844?
True
Is 491984850 a multiple of 105?
True
Is 5 a factor of 160612024?
False
Is 46511322 a multiple of 4?
False
Is 550 a factor of 476396103?
False
Does 32 divide 13557472?
True
Does 80 divide 29416320?
True
Is 17 a factor of 3440640982?
True
Does 27 divide 469461459?
False
Is 3096280 a multiple of 22?
True
Does 534 divide 1030994868?
True
Does 27 divide 75421557?
True
Does 21 divide 160645296?
True
Does 1382 divide 27182069?
Fal